 f - 10. What is the greatest common factor of v and 24?
8
Let x be -4 - (0 + 312)/4. Let q be 6/9 - x/3. Let s(y) = y**3 + 7*y**2 - 2*y - 6. Let l be s(-6). Calculate the highest common factor of q and l.
14
Suppose 0 = -j - 2*j + 12. Suppose -17 = -j*m - 1. Let n be 4 - (0/(-1))/1. What is the greatest common factor of n and m?
4
Suppose 7*u = 6*u + 31. Suppose -s = s + 3*c - 33, -4*s + u = -c. Let k be -1*(2 + 58/(-2)). Calculate the greatest common factor of s and k.
9
Suppose c + 216 = 2*c + 5*b, c = 3*b + 200. Suppose s - c + 80 = 0. What is the greatest common factor of 14 and s?
14
Let k be (-6)/4*(-168)/7. Calculate the greatest common divisor of k and 312.
12
Let w be ((-8)/(-7))/((-30)/(-105)). Calculate the greatest common divisor of w and 76.
4
Let o be (-134)/(-1) + 4/1. Suppose 82 = 4*l - o. What is the greatest common divisor of 5 and l?
5
Let p be 13 - (-2 + 0 - -1). Suppose -o - 3*l - 11 = 2*l, 0 = -2*o + 5*l + 23. Suppose 0 = f - 10 - o. What is the highest common factor of p and f?
14
Let r = -579 + 585. Let d be 2 + -1 + 1 + 1. What is the highest common divisor of r and d?
3
Let o be (1/5)/(28/(-2030))*-8. Calculate the highest common factor of 58 and o.
58
Let p(i) = -i**2 + 7*i + 34. Let r be p(8). What is the highest common factor of 299 and r?
13
Let t be ((-2)/5)/(4/(-40)). Suppose 240 = p + 4*p. Suppose 0 = 4*h - p - t. Calculate the greatest common divisor of 39 and h.
13
Let x = 461 - 287. Calculate the greatest common factor of 12 and x.
6
Let i be (-2)/((12/(-33))/(-1 - -3)). Suppose -i*h + 5*h = -264. What is the highest common divisor of h and 352?
44
Let m be 140/(-21)*(-6)/(-4). Let h(p) = p + 22. Let j be h(m). Calculate the highest common factor of 36 and j.
12
Let k be 264/55 + (-1)/(-5). Suppose k*o = -9 - 36. Let f be 553/63 - 2/o. Calculate the greatest common divisor of f and 63.
9
Let q = -18 - -28. Let z(j) = 2*j**3 - 9*j**2 + 6*j - 13. Let h be z(9). Suppose 12*f = f + h. What is the greatest common factor of q and f?
10
Let i(m) be the first derivative of 1/2*m**2 + 7/3*m**3 + 4 - 1/4*m**4 + 2*m. Let n be i(5). Calculate the greatest common factor of n and 19.
19
Let v be 151/5 - (-1)/(-5). Suppose 3*s - 4*n = -69 + 18, 0 = s - 3*n + 22. Let p be (1 + s)*(-150)/40. What is the highest common factor of v and p?
15
Let l(c) = -3*c - 4. Let u be l(3). Let x = 37 + u. Calculate the greatest common factor of x and 16.
8
Let p = -288 + 312. Let t be (-4)/(-16) + 143/4. Calculate the highest common factor of t and p.
12
Let d be (-18)/27 - (-86)/(-6). Let l = -15 - d. Let b be (2 - (1 + l)) + 0. Calculate the greatest common factor of b and 1.
1
Suppose n = -5*x + 902, -2*n + 6 = n. Suppose -5*u = 5*c - x, -5*u + c + 176 = 4*c. Calculate the highest common factor of 51 and u.
17
Let v(p) = 8*p - 1. Let o be v(3). Suppose o*q = 18*q + 30. Calculate the highest common factor of q and 114.
6
Suppose -15*x = -11*x - 116. What is the highest common factor of 319 and x?
29
Suppose -7*h - 12 = -9*h. Let f(c) be the third derivative of -c**4/24 + 7*c**3/3 - 3*c**2. Let s be f(h). What is the greatest common factor of s and 12?
4
Let a = 480 - 415. Calculate the highest common factor of a and 52.
13
Let w = 1225 + -1183. What is the highest common factor of 12 and w?
6
Let x(w) = 2*w**2 + 4*w + 3. Let r be (-60)/27 - 10/(-45). Let m be x(r). Suppose 8*a - 210 = m*a. What is the greatest common factor of a and 28?
14
Let v(z) = 11*z**2 - 11*z - 28. Let h be v(-6). Calculate the highest common factor of 62 and h.
62
Let a(t) = t**3 + 3*t**2 + 5*t - 3. Let s be a(3). Suppose -3*r = 4*f - s, -5*f - 39 = -2*r - r. What is the greatest common factor of 72 and r?
18
Let h be 3741/27 + (140/45)/7. Calculate the greatest common divisor of 695 and h.
139
Suppose -2*p = 6 - 0, 100 = 4*w + 4*p. Let g = w + -36. Let a be -40*14*1/g. Calculate the greatest common divisor of 175 and a.
35
Let u = -715 + 1091. Calculate the greatest common divisor of u and 16.
8
Suppose -7*z + 201 = -51. Suppose g = -4*p - g + 94, 0 = 2*p + 5*g - 43. Calculate the greatest common divisor of p and z.
12
Let i(x) = -x**2 + 6*x - 9. Let l be i(4). Let n be 10/(-3)*(l - 2). Suppose 4*y = 15 - 3, -2*r + n = 2*y. Calculate the highest common factor of r and 5.
1
Suppose 12 = 3*g + 51. Let u be -3 + (3 - 3 - g). Let c = u - 8. What is the highest common divisor of 10 and c?
2
Suppose -5*z - 3 = -4*y, 2*y + 0*y = -2*z + 6. Suppose 6*a = y*a + 2*w + 56, -5*w = -a + 5. Calculate the highest common factor of a and 120.
15
Let o = 980 - 850. What is the highest common factor of o and 78?
26
Suppose -66 = c - 43. Let w = 12 - c. What is the highest common factor of w and 35?
35
Let v be (184 + -2)*(2 + -15)/(-26). Calculate the greatest common factor of v and 14.
7
Let b = 160 + -157. Let c(m) = -27*m. Let q be c(1). Let j be 14/7*q/(-2). What is the greatest common divisor of b and j?
3
Suppose 0 = -5*f + 25, -55 = -x + 2*f + 73. Let k be (-230)/(-25)*10/4. What is the greatest common divisor of k and x?
23
Suppose -27 = -12*z + 33. What is the highest common factor of 215 and z?
5
Let g = -170 + 446. Suppose -200 = -3*t + 5*i, 4*t - 2*i + 0*i - g = 0. Calculate the highest common divisor of 175 and t.
35
Suppose r = -2*f - 2 + 109, 15 = -5*r. Suppose -11 = -2*c - k, 2*c - k - 12 = -3*k. What is the greatest common divisor of f and c?
5
Let l(p) = 2*p**2 + 19*p + 12. Let r be l(-11). Calculate the greatest common factor of 75 and r.
15
Let g(q) = 31*q**2 + 6*q - 16. Let a be g(2). Calculate the highest common divisor of a and 70.
10
Let q = 208 + -201. What is the highest common divisor of 3 and q?
1
Suppose 3*r - 7*r - 156 = 0. Let i = r - -57. Suppose -3*g + 56 = -2*w, 25 = 2*g + 5*w - 6. What is the greatest common divisor of i and g?
18
Let s = -638 - -660. What is the greatest common factor of 143 and s?
11
Let j(t) be the first derivative of -8/3*t**3 - 4*t**2 + 3 + 6*t + 1/4*t**4. Let r be j(9). What is the highest common factor of 15 and r?
15
Let m(b) = -9*b**2 + 73*b - 6. Let a be m(7). Calculate the greatest common divisor of 200 and a.
8
Let m = 32 - -94. Suppose -1 = 2*n + 1. Let g = 15 + n. What is the highest common factor of m and g?
14
Suppose -4*o + 73*n - 68*n + 54 = 0, 3*n = -3*o + 54. What is the highest common divisor of o and 464?
16
Let s = -604 - -204. Let k = s - -560. Calculate the greatest common factor of 32 and k.
32
Let v = 43 - 25. Let z(t) = t**2 + 12*t + 47. Let w be z(-5). Calculate the greatest common divisor of v and w.
6
Let y be (((-432)/(-14))/6)/(3/14). What is the highest common factor of 16 and y?
8
Let c be (9 - (-4845)/12) + (-1)/(-4). Calculate the highest common divisor of c and 14.
7
Let y(s) = s**2 - s - 1. Let i be y(2). Let p be i/(-2) + (-30)/(-4). Suppose b = -3, -3*r + 11 + 22 = -4*b. Calculate the greatest common divisor of p and r.
7
Suppose 5*b - 4*q = 23 - 6, 3*q = 6. Let u be (10/4)/(b/4) - -2. Calculate the highest common factor of 68 and u.
4
Suppose 2*z + 4*z = 4*z. Let m(d) = d**3 - 2*d**2 + 5*d + 1. Let k be m(z). What is the highest common factor of 13 and k?
1
Let u be (-2)/3 + 24/9. Suppose u*c + 55 = 7*c. Calculate the highest common factor of c and 88.
11
Suppose -532 = -51*k + 743. What is the highest common factor of 45 and k?
5
Let v be (2/(-4))/((-8)/256). Calculate the greatest common divisor of 400 and v.
16
Let t be ((-18)/(-24))/(9/60). What is the greatest common divisor of t and 235?
5
Suppose 3*x + 75 = 2*x - 5*a, 3*x - 4*a + 149 = 0. Let b be (16/(-12))/(4/6) + -36. Let o = b - x. Calculate the highest common factor of o and 153.
17
Suppose 7*x - 1476 = -1301. Suppose f - 79 = 21. Calculate the greatest common factor of f and x.
25
Let k be 92 + -14 - (-8 + 22). Suppose s + 3*s = -8. Let z be 15 - 1*2/s. What is the highest common divisor of z and k?
16
Let b be 46/(-3)*(9 - 39). Calculate the greatest common factor of 20 and b.
20
Let i be (3/(-2))/((-3)/8). Let m be (-13)/(-2) - (4 + (-35)/14). Suppose -m*a = -3*a - 32. Calculate the greatest common divisor of a and i.
4
Suppose -5*a + 674 = -466. Calculate the highest common factor of a and 57.
57
Suppose -7*c + 40 = -3*c. Let q(h) = h**2 + 3*h - 24. Let n be q(4). Calculate the highest common divisor of n and c.
2
Let 